{"id":74,"date":"2016-02-12T16:56:07","date_gmt":"2016-02-12T16:56:07","guid":{"rendered":"http:\/\/www.eou.edu\/bienvenidos\/?page_id=74"},"modified":"2019-10-22T19:23:00","modified_gmt":"2019-10-22T19:23:00","slug":"officina-de-admisiones","status":"publish","type":"page","link":"https:\/\/www.eou.edu\/bienvenidos\/officina-de-admisiones\/","title":{"rendered":"Officina De Admisiones"},"content":{"rendered":"<p><img decoding=\"async\" class=\"img-polaroid alignright\" src=\"https:\/\/www.eou.edu\/admissions\/files\/2011\/10\/Genesis-Medeards-150x150.jpg\" alt=\"\" \/><\/p>\n<blockquote><p><strong>Comunidad del campus:<\/strong> somos una familia aqu\u00ed en la universidad de Eastern Oregon. Cuando era un estudiante siempre dir\u00eda que podr\u00eda andar en cualquiera oficina por el campus y la gente all\u00ed ser\u00eda muy amistosa y dispuesta a ayudarme. Cuando usted venga a EOU, ganar\u00e1 amigos y construir\u00e1 relaciones que durar\u00e1n una vida.<\/p>\n<p style=\"margin-top: 2.0em;\"><strong>Clases peque\u00f1as:<\/strong> el promedio de clase en EOU es muy similar al promedio de clase en una t\u00edpica escuela secundaria. Tenemos un promedio de clase cerca de 24 estudiantes. Podr\u00eda tener un una clase en una sala grande de conferencias, pero la mayor\u00eda de sus cursos van a estar muy peque\u00f1as. Usted tendr\u00e1 la oportunidad de interactuar con sus profesores y compa\u00f1eros de clases de una manera que no puede conseguir en otros lugares.<\/p>\n<p style=\"margin-top: 2.0em;\"><strong>Locaci\u00f3n:<\/strong> EOU est\u00e1 orientada en las monta\u00f1as azules del este de Oreg\u00f3n. Hay una amplia variedad de oportunidades de recreaci\u00f3n al aire libre disponible para los estudiantes. Estamos a un poco m\u00e1s de una hora de dos estaciones de esqu\u00ed, estamos a unos minutos de Morgan Lake y mas o menos\u00a0una hora y media en coche de Wallowa Lake. Muchos estudiantes aprovechan nuestro programa de aventuras al aire libre donde pueden alquilar kayaks y canoas, tiendas de campa\u00f1a, sacos de dormir y mucho m\u00e1s. Todo esto es gratis cuando muestran el identificaci\u00f3n de estudiante. Si usted ama las actividades al aire libre o si quiere asistir a universidad en un entorno de monta\u00f1a pac\u00edfica, EOU puede ser la opci\u00f3n correcto para usted.<\/p>\n<p class=\"p1\" style=\"text-align: right;\"><span class=\"s1\">\u2013 Genesis Meaderds, Bilingue Consejera de Admisiones<\/span><\/p>\n<\/blockquote>\n","protected":false},"excerpt":{"rendered":"<p>Comunidad del campus: somos una familia aqu\u00ed en la universidad de Eastern Oregon. Cuando era un estudiante siempre dir\u00eda que podr\u00eda andar en cualquiera oficina por el campus y la gente all\u00ed ser\u00eda muy amistosa y dispuesta a ayudarme. Cuando usted venga a EOU, ganar\u00e1 amigos y construir\u00e1 relaciones que durar\u00e1n una vida. Clases peque\u00f1as: [&hellip;]<\/p>\n","protected":false},"author":358,"featured_media":0,"parent":0,"menu_order":0,"comment_status":"open","ping_status":"open","template":"","meta":{"_acf_changed":false,"footnotes":""},"class_list":["post-74","page","type-page","status-publish","hentry"],"acf":[],"_links":{"self":[{"href":"https:\/\/www.eou.edu\/bienvenidos\/wp-json\/wp\/v2\/pages\/74","targetHints":{"allow":["GET"]}}],"collection":[{"href":"https:\/\/www.eou.edu\/bienvenidos\/wp-json\/wp\/v2\/pages"}],"about":[{"href":"https:\/\/www.eou.edu\/bienvenidos\/wp-json\/wp\/v2\/types\/page"}],"author":[{"embeddable":true,"href":"https:\/\/www.eou.edu\/bienvenidos\/wp-json\/wp\/v2\/users\/358"}],"replies":[{"embeddable":true,"href":"https:\/\/www.eou.edu\/bienvenidos\/wp-json\/wp\/v2\/comments?post=74"}],"version-history":[{"count":8,"href":"https:\/\/www.eou.edu\/bienvenidos\/wp-json\/wp\/v2\/pages\/74\/revisions"}],"predecessor-version":[{"id":155,"href":"https:\/\/www.eou.edu\/bienvenidos\/wp-json\/wp\/v2\/pages\/74\/revisions\/155"}],"wp:attachment":[{"href":"https:\/\/www.eou.edu\/bienvenidos\/wp-json\/wp\/v2\/media?parent=74"}],"curies":[{"name":"wp","href":"https:\/\/api.w.org\/{rel}","templated":true}]}}