{"id":16,"date":"2016-02-09T18:11:33","date_gmt":"2016-02-09T18:11:33","guid":{"rendered":"http:\/\/www.eou.edu\/bienvenidos\/?page_id=16"},"modified":"2023-02-14T19:29:20","modified_gmt":"2023-02-14T19:29:20","slug":"servicios-de-vivienda","status":"publish","type":"page","link":"https:\/\/www.eou.edu\/bienvenidos\/servicios-de-vivienda\/","title":{"rendered":"Servicios de Vivienda"},"content":{"rendered":"<h1 class=\"p1\"><span class=\"s1\">Requerimiento de Vivienda de EOU<\/span><\/h1>\n<h2 class=\"p2\"><span class=\"s1\">Nuevos Estudiantes<\/span><\/h2>\n<p class=\"p3\"><span class=\"s1\">Todos los estudiantes que sean inscritos a EOU despu\u00e9s de tener un a\u00f1o de haberse graduado de la preparatoria y est\u00e9n inscritos para 8 o m\u00e1s cr\u00e9ditos son requeridos y tendr\u00e1n que vivir en el campo de escuela por su primer a\u00f1o acad\u00e9mico (oto\u00f1o, invierno, y primavera). Los estudiantes que empiezan en el invierno o primavera tambi\u00e9n tendr\u00e1n que vivir en el campo de la escuela por el resto del a\u00f1o escolar.\u00a0<\/span><\/p>\n<h3 class=\"p5\"><span class=\"s1\">Facturas &amp; Pagos\u00a0<\/span><\/h3>\n<p class=\"p6\"><span class=\"s1\"><b>Costo de vivienda y Comida para el a\u00f1o 2019-20<\/b><\/span><\/p>\n<p class=\"p7\"><span class=\"s1\">Estas facturas incluyen la vivienda y comidas por el a\u00f1o escolar (Sept-Junio).<\/span><\/p>\n<h4 class=\"well\"><img decoding=\"async\" class=\"img-polaroid alignright\" style=\"width: 60%;\" src=\"https:\/\/www.eou.edu\/visitor\/files\/2014\/08\/North-and-Daugherty-Halls-1024x671.jpg\" alt=\"North Hall y Daugherty Hall\" \/><\/h4>\n<h3>North Hall o Daugherty Hall<\/h3>\n<p class=\"p3\"><span class=\"s1\">North and Daugherty Hall son residencias con un estilo de suite con opciones de cuartos de dos, o cuartos para solo una persona. Cada cuarto esta amueblado en las suites, e incluyen ba\u00f1o, sala, y una mini-cocina.\u00a0 Este edificio tiene un \u00e1rea de juegos, en los que podr\u00e1n encontrar: ping-pong, billar, futbol\u00edn, y una televisi\u00f3n. En este piso tambi\u00e9n encontrar\u00e1n una cocina completa. En el segundo piso del edificio encontrar\u00e1s la lavander\u00eda y una \u00e1rea donde puedes conocer a otros estudiantes.\u00a0 Por favor mire la secci\u00f3n de \u201cPrecauci\u00f3n de Incendios\u201d y \u201cSeguridad\u201d para ver m\u00e1s informaci\u00f3n en cuanto el uso de estas mini-cocinas. \u00a0<\/span><\/p>\n<ul>\n<li>Cuarto habitaci\u00f3n individual: $6,375.00<\/li>\n<li>Cuarto de doble habitaci\u00f3n: $5,650.00<\/li>\n<li>Plan de comidas: $3,600.00 o $4,050.00 o $4,500.00<\/li>\n<\/ul>\n<p class=\"p10\"><span class=\"s1\"><b>Costos anuales combinados \u00a0de alojamiento y comida\u00a0<\/b><\/span><\/p>\n<ul>\n<li>North Hall o Daugherty Hall individual: $11,040-$10,590-$10,140<\/li>\n<li>North Hall o Daugherty Hall doble habitaci\u00f3n: $10,040-$9,590-$9,140<\/li>\n<li>North Hall o Daugherty Hall triple\u00a0habitaci\u00f3n: $9,040-8,590-$8,140<\/li>\n<\/ul>\n<div class=\"well\"><img decoding=\"async\" class=\"img-polaroid alignright\" style=\"width: 60%;\" src=\"https:\/\/www.eou.edu\/visitor\/files\/2014\/08\/Alikut-Hall.jpg\" alt=\"Alikut Hall\" \/><\/p>\n<h3><strong>Alikut Hall<\/strong><\/h3>\n<p class=\"p3\"><span class=\"s1\">Alikut Hall tiene caracter\u00edsticas a un estilo de apartamento. Cada departamento esta amueblado y consiste de cuatro cuartos individuales, e incluyen dos ba\u00f1os, sala, y cocina. Los residentes de Alikut Hall tiene la opci\u00f3n de no participar en el plan de comida. Alikut es asignado solo para los estudiantes que son de alto nivel, lo que quiere decir que los estudiantes que est\u00e9n en su tercer, y \u00faltimo a\u00f1o, o tengan 21 a\u00f1os de edad pueden vivir aqu\u00ed. Los estudiantes que previamente ya han vivido aqu\u00ed en la universidad tienen preferencia para vivir en estos departamentos.\u00a0<\/span><\/p>\n<ul>\n<li>Cuarto Individual: $6,800.00<\/li>\n<li>Plan de comida residencial:\u00a0$3,600.00 o $4,050.00 o $4,500.00<\/li>\n<\/ul>\n<p class=\"p3\"><span class=\"s1\"><b>Planes voluntarios de comida varean<\/b><\/span><\/p>\n<p class=\"p11\"><span class=\"s1\"><b>Costos anuales combinados de alojamiento y comida\u00a0<\/b><\/span><\/p>\n<ul>\n<li>Alikut Hall cuarto individual $11,040.00-$10,590.00-$10,140.00<\/li>\n<\/ul>\n<p class=\"p3\"><span class=\"s1\">*Notas: Los cargos incluyen acceso al internet en cada cuarto, cable para la televisi\u00f3n en la sala, y comida donde se indique. Estos son costos estimados \u00a0de vivienda y comida establecidas por el Panel del Estado De Oregon de Alta Educaci\u00f3n y est\u00e1n sujetas a cambiar sin ninguna notificaci\u00f3n.\u00a0<\/span><\/p>\n<hr \/>\n<h3 class=\"p9\"><strong><span class=\"s1\">Tarifas de Cancelaci\u00f3n<\/span><\/strong><\/h3>\n<\/div>\n<h4 class=\"p13\"><strong><span class=\"s1\">Antes de Mudarse (Move-In)<\/span><\/strong><\/h4>\n<p class=\"p3\"><span class=\"s1\">Si un estudiante quiere cancelar su aplicaci\u00f3n de alojamiento, lo tendr\u00e1 que hacer antes del 15 de agosto. Esto aplica a los estudiantes que asistir\u00e1n al t\u00e9rmino de oto\u00f1o. Alicantes para el t\u00e9rmino de invierno deber\u00e1n hacer esto antes del 15 de diciembre, y los aplicantes de primavera antes del 15 de marzo. Si no notifican podr\u00e1n pagar una multa de $250 por cancelaci\u00f3n retrasada que ser\u00e1 cargada a la cuenta del estudiante. Los estudiantes pueden cancelar su aplicaci\u00f3n al mandar un correo electr\u00f3nico a la oficina de alojamiento en <a href=\"mailto:reslife@eou.edu\"><span class=\"s2\">reslife@eou.edu<\/span><\/a>, o hablando a la oficina a el n\u00famero (541)-962-3553.<\/span><\/p>\n<h4 class=\"p13\"><span class=\"s1\"><b>Despu\u00e9s de Mudarse<\/b><\/span><\/h4>\n<p class=\"p3\"><span class=\"s1\">Si el estudiante decide cancelar su contrato de alojamiento despu\u00e9s de moverse, ser\u00e1 multado $8.00 al d\u00eda por cada d\u00eda que reste en el contrato. Por favor de mirar la secci\u00f3n IV del contrato de Cuartos y Comidas 2019-2020. Cancelaciones de contrato o XI. Cargos\/tarifas para m\u00e1s informaci\u00f3n<\/span><span class=\"s3\">.\u00a0<\/span><\/p>\n<h4 class=\"p9\"><span class=\"s1\"><b>Pagos<\/b><\/span><\/h4>\n<p class=\"p3\"><span class=\"s1\">Los cargos de cuartos y comidas ser\u00e1n cargados en la cuenta del estudiante al principio de cada t\u00e9rmino escolar. Por favor tomen nota que los pagos son divididos de la siguiente manera.<\/span><\/p>\n<p class=\"p3\"><span class=\"s1\"><b>Oto\u00f1o<\/b>: $40% del costo anual<\/span><\/p>\n<p class=\"p3\"><span class=\"s1\"><b>Invierno<\/b>: 35% del costo anual<\/span><\/p>\n<p class=\"p3\"><span class=\"s1\"><b>Primavera:<\/b> 25% del costo anual<\/span><\/p>\n<p class=\"p3\"><span class=\"s1\">Por favor mire la Cuenta de estudiante para opciones de pago y detalles.<\/span><\/p>\n<h2 class=\"p2\"><span class=\"s1\">Estudiantes Internacionales\u00a0<\/span><\/h2>\n<p class=\"p3\"><span class=\"s1\">Todos los estudiantes que est\u00e9n estudiando una licenciatura en su primer a\u00f1o de estudio en los Estados Unidos son requeridos a vivir en la vivienda de la universidad en su primer a\u00f1o en EOU. Si hay peticiones para cambiar este requerimiento este \u00a0tendr\u00e1n que ser pedido solamente si las siguientes reglas aplican al estudiante:<\/span><\/p>\n<ul>\n<li class=\"li3\"><span class=\"s1\">Vivienda con padres, guardianes, abuelos, hermano\/hermana est\u00e1n cerca del Condado de Uni\u00f3n.<\/span><\/li>\n<li class=\"li3\"><span class=\"s1\">Casado\/a o registrado en una relaci\u00f3n dom\u00e9stica o uni\u00f3n civil<\/span><\/li>\n<li class=\"li3\"><span class=\"s1\">Inscrito en un programa el cual est\u00e1 afuera del Condado de Uni\u00f3n, o requiere que el estudiante viva fuera del \u00e1rea.<\/span><\/li>\n<li class=\"li3\"><span class=\"s1\">Tiene dependientes viviendo contigo.\u00a0<\/span><\/li>\n<\/ul>\n<p class=\"p14\"><span class=\"s1\">Otras excepciones pondr\u00e1s ser evaluadas, pero en general no son aprobadas. Si la petici\u00f3n es aprobada despu\u00e9s que el estudiante se haya movido al campo de la escuela, el procedimiento de cancelaci\u00f3n ser\u00e1 aplicado.<\/span><\/p>\n<p class=\"p14\"><span class=\"s1\">Para m\u00e1s informac\u00edon en espa\u00f1ol llame a Stephanie Sepulveda, Coordinadora del \u00e1rea educativa a 541-962-3442<\/span><\/p>\n","protected":false},"excerpt":{"rendered":"<p>Requerimiento de Vivienda de EOU Nuevos Estudiantes Todos los estudiantes que sean inscritos a EOU despu\u00e9s de tener un a\u00f1o de haberse graduado de la preparatoria y est\u00e9n inscritos para 8 o m\u00e1s cr\u00e9ditos son requeridos y tendr\u00e1n que vivir en el campo de escuela por su primer a\u00f1o acad\u00e9mico (oto\u00f1o, invierno, y primavera). Los [&hellip;]<\/p>\n","protected":false},"author":358,"featured_media":0,"parent":0,"menu_order":0,"comment_status":"open","ping_status":"open","template":"","meta":{"_acf_changed":false,"footnotes":""},"class_list":["post-16","page","type-page","status-publish","hentry"],"acf":[],"_links":{"self":[{"href":"https:\/\/www.eou.edu\/bienvenidos\/wp-json\/wp\/v2\/pages\/16","targetHints":{"allow":["GET"]}}],"collection":[{"href":"https:\/\/www.eou.edu\/bienvenidos\/wp-json\/wp\/v2\/pages"}],"about":[{"href":"https:\/\/www.eou.edu\/bienvenidos\/wp-json\/wp\/v2\/types\/page"}],"author":[{"embeddable":true,"href":"https:\/\/www.eou.edu\/bienvenidos\/wp-json\/wp\/v2\/users\/358"}],"replies":[{"embeddable":true,"href":"https:\/\/www.eou.edu\/bienvenidos\/wp-json\/wp\/v2\/comments?post=16"}],"version-history":[{"count":9,"href":"https:\/\/www.eou.edu\/bienvenidos\/wp-json\/wp\/v2\/pages\/16\/revisions"}],"predecessor-version":[{"id":199,"href":"https:\/\/www.eou.edu\/bienvenidos\/wp-json\/wp\/v2\/pages\/16\/revisions\/199"}],"wp:attachment":[{"href":"https:\/\/www.eou.edu\/bienvenidos\/wp-json\/wp\/v2\/media?parent=16"}],"curies":[{"name":"wp","href":"https:\/\/api.w.org\/{rel}","templated":true}]}}