{"id":12,"date":"2016-02-09T18:09:41","date_gmt":"2016-02-09T18:09:41","guid":{"rendered":"http:\/\/www.eou.edu\/bienvenidos\/?page_id=12"},"modified":"2021-11-10T07:46:41","modified_gmt":"2021-11-10T07:46:41","slug":"como-aplicar-a-eastern-oregon-university","status":"publish","type":"page","link":"https:\/\/www.eou.edu\/bienvenidos\/como-aplicar-a-eastern-oregon-university\/","title":{"rendered":"Como Aplicar a Eastern Oregon University"},"content":{"rendered":"<h1><\/h1>\n<div class=\"span5 pull-right well\">\n<p><img decoding=\"async\" class=\"img-circle pull-right\" src=\"http:\/\/www.eou.edu\/bienvenidos\/files\/2016\/02\/daysi-testimonial-photo-EOU-150x150.jpg\" alt=\"Daysi Bedolla\" \/><\/p>\n<blockquote><p>\u201cSi yo le pudiera dar un consejo a los estudiantes de preparatoria les dir\u00eda que no se desanimen. Lo primero empieza ah\u00ed en la preparatoria enfoc\u00e1ndose y tratando de obtener los grados m\u00e1s altos que puedan. Hay bastantes becas que ellos pueden obtener para asistir a la universidad. No dejen de estudiar, ya que esta es la mayor herencia que sus padres les est\u00e1n dejando. Otra cosa seria que no importa cu\u00e1l es el estatus migratorio todos pueden asistir a la universidad, busquen ayuda, y tambi\u00e9n hagan muchas preguntas cuando no entiendan algo. Como dicen en mi casa \u201cEl que no habla, Dios no lo escucha\u201d, y \u201cP\u00f3nganse las pilas\u201d. \u00a1Querer es poder!\u201d<\/p>\n<p style=\"margn-top: 2em; text-align: right;\">\u2013Daysi Bedolla, Estudiante de Bioqu\u00edmica<\/p>\n<\/blockquote>\n<\/div>\n<p class=\"p1\"><span class=\"s1\"><b>La fecha limite de Prioridad es Primero de Febrero<\/b><\/span><\/p>\n<ul>\n<li class=\"li1\"><span class=\"s1\">Completar la solicitud de admisiones en l\u00ednea. <a href=\"https:\/\/srm2.targetx.com\/orgs\/00DG0000000lEi8MAE\/login\"><span class=\"s3\">Has clique aqui<\/span><\/a><\/span><\/li>\n<li class=\"li1\"><span class=\"s1\">Pagar la cuota de solicitud de US $50 o enviar el formulario de postergacion de cuota<\/span><\/li>\n<li class=\"li1\"><span class=\"s1\">Mandar las calificaciones oficiales de la preparatoria<\/span><\/li>\n<li class=\"li1\"><span class=\"s1\">Mandar los resultados oficiales de los examenes de SAT o ACT<\/span><\/li>\n<\/ul>\n<p class=\"p1\"><span class=\"s1\"><b>Informaci\u00f3n de Admisiones para alumnos de primer a\u00f1o<\/b><\/span><\/p>\n<p class=\"p1\"><span class=\"s1\">Estudiantes en la preparatoria deben de empezar el proceso de admisiones en el Oto\u00f1o de su ultimo a\u00f1o (Senior Year).\u00a0 Las selecciones de admision para estudiantes de primer a\u00f1o se basan en una evaluaci\u00f3n entera.\u00a0<\/span><\/p>\n<ul>\n<li class=\"li1\"><span class=\"s1\">Requisitos Estandarizados de Admision<\/span>\n<ul>\n<li class=\"li1\"><span class=\"s1\">Calificaciones de la preparatoria (GPA) de al menos 2.75 de una preparatoria acreditada regional mente o GED (equivalente de graduacion)<\/span><\/li>\n<li class=\"li1\"><span class=\"s1\">Haber completado los 15 cursos obligatorios de la maretira con una C- or m\u00e1s<\/span>\n<ul>\n<li class=\"li1\"><span class=\"s1\">4 a\u00f1os de Ingl\u00e9s<\/span><\/li>\n<li class=\"li1\"><span class=\"s1\">3 a\u00f1os de Matem\u00e1ticas<\/span><\/li>\n<li class=\"li1\"><span class=\"s1\">3 a\u00f1os de Ciencia ( Biologia y Quimica)<\/span><\/li>\n<li class=\"li1\"><span class=\"s1\">3 a\u00f1os de Ciencias Sociales\u00a0<\/span><\/li>\n<li class=\"li1\"><span class=\"s1\">2 a\u00f1os de una idioma extranjero\u00a0<\/span><\/li>\n<\/ul>\n<\/li>\n<li class=\"li1\"><span class=\"s1\">Resultados Oficiales de los ex\u00e1menes de aptitud acad\u00e9mica de SAT o ACT. No hay minimo resultado para los ex\u00e1menes.\u00a0 Son considerados para las becas de EOU.\u00a0<\/span><\/li>\n<\/ul>\n<\/li>\n<\/ul>\n<p class=\"p1\"><span class=\"s1\"><b>Informaci\u00f3n de Admisiones para alumnos transferido<\/b><\/span><\/p>\n<p class=\"p1\"><span class=\"s1\">Estudiantes que han obtenido m\u00e1s de 30 horas trimestrales o 20 semestrales de universidades acreditadas regionalmente, se consideran almunos transferidos. Si tienes menos de 30 cr\u00e9ditos, consulta los requisites de alumnos de primer a\u00f1o.<\/span><\/p>\n<ul>\n<li class=\"li1\"><span class=\"s1\">Requisitos Estandarizados de Admision transferido<\/span>\n<ul>\n<li class=\"li1\"><span class=\"s1\">Calificaciones de las universitades de al menos 2.25 acumulative de los cr\u00e9ditos convalidads.<\/span><\/li>\n<li class=\"li1\"><span class=\"s1\">Mandar copias oficiales de <b>todas<\/b> las universidades, en donde han ganado cr\u00e9dito universitario<\/span><\/li>\n<\/ul>\n<\/li>\n<\/ul>\n<p class=\"p1\"><span class=\"s1\"><b>Admisiones Alternativas\u00a0<\/b><\/span><\/p>\n<p class=\"p1\"><span class=\"s1\">Para los estudiantes que no alcanzan uno o m\u00e1s de los requisitos habla con una de nuestros consejeros de admisiones para m\u00e1s informaci\u00f3n del procesador alternativo.\u00a0<\/span><\/p>\n","protected":false},"excerpt":{"rendered":"<p>\u201cSi yo le pudiera dar un consejo a los estudiantes de preparatoria les dir\u00eda que no se desanimen. Lo primero empieza ah\u00ed en la preparatoria enfoc\u00e1ndose y tratando de obtener los grados m\u00e1s altos que puedan. Hay bastantes becas que ellos pueden obtener para asistir a la universidad. No dejen de estudiar, ya que esta [&hellip;]<\/p>\n","protected":false},"author":358,"featured_media":0,"parent":0,"menu_order":0,"comment_status":"open","ping_status":"open","template":"","meta":{"_acf_changed":false,"footnotes":""},"class_list":["post-12","page","type-page","status-publish","hentry"],"acf":[],"_links":{"self":[{"href":"https:\/\/www.eou.edu\/bienvenidos\/wp-json\/wp\/v2\/pages\/12","targetHints":{"allow":["GET"]}}],"collection":[{"href":"https:\/\/www.eou.edu\/bienvenidos\/wp-json\/wp\/v2\/pages"}],"about":[{"href":"https:\/\/www.eou.edu\/bienvenidos\/wp-json\/wp\/v2\/types\/page"}],"author":[{"embeddable":true,"href":"https:\/\/www.eou.edu\/bienvenidos\/wp-json\/wp\/v2\/users\/358"}],"replies":[{"embeddable":true,"href":"https:\/\/www.eou.edu\/bienvenidos\/wp-json\/wp\/v2\/comments?post=12"}],"version-history":[{"count":14,"href":"https:\/\/www.eou.edu\/bienvenidos\/wp-json\/wp\/v2\/pages\/12\/revisions"}],"predecessor-version":[{"id":194,"href":"https:\/\/www.eou.edu\/bienvenidos\/wp-json\/wp\/v2\/pages\/12\/revisions\/194"}],"wp:attachment":[{"href":"https:\/\/www.eou.edu\/bienvenidos\/wp-json\/wp\/v2\/media?parent=12"}],"curies":[{"name":"wp","href":"https:\/\/api.w.org\/{rel}","templated":true}]}}